late 1 - (-5 + 1 - -2).
3
What is (0 - -4) + (0 + -1 - 4)?
-1
What is 68 - 57 - (2 + 2)?
7
Calculate -10 - -1 - (-120 - -114).
-3
Evaluate (1 - 9) + -2 + 6.
-4
Evaluate -5 + 6 + (6 - 3).
4
-6 + 4 + -5 + 1
-6
Evaluate (-2 - -3) + 2 - 4.
-1
Evaluate 5 - (4 + 1 + -3).
3
What is -4 - (-3 + (3 - 4))?
0
-9 + 0 + (37 - 30)
-2
What is 8 + -5 - (-8 + 15)?
-4
2 + -5 + (-10 - -5)
-8
What is 14 + (-7 - (11 - 9))?
5
What is -2 + -3 + -1 - -5?
-1
What is the value of 11 - 13 - (0 - 0)?
-2
What is -3 + 5 - 5 - -2?
-1
Evaluate -3 - (-5 - (7 - -4)) - 5.
8
(4 - -6) + -13 - (-2 - 3)
2
2 + -2 + (4 - 4)
0
Evaluate -1 - -12 - (-23 + 31).
3
Evaluate (-5 - -4) + (1 - (3 + 0)).
-3
Evaluate 2 - (1 + (-2 - (-5 + 5))).
3
8 - 4 - 7 - -1 - 0
-2
What is -1 + -3 + 1 + -2?
-5
Evaluate 4 + (5 - (4 + 9)).
-4
Calculate (0 + 1 - -3) + (9 - 14).
-1
(0 - -4) + -1 + -2
1
What is 0 + 5 - (20 - 15)?
0
Evaluate 11 - (18 - (-8 + 9)).
-6
What is 9 + -8 + (-7 - -8)?
2
What is the value of -11 + (5 - 1) + 4?
-3
Evaluate 6 - (2 + (-8 - -14)).
-2
Evaluate -7 + (-6 - -11 - 1).
-3
Calculate 7 - (3 - ((3 - 10) + -3)).
-6
Evaluate 1 + -12 - (-15 + 3 + 9).
-8
Evaluate 5 - (0 + 3 - (-14 + 17)).
5
What is 32 - 29 - (4 + -1 - -1)?
-1
Calculate 25 + -13 - (-6 + 12).
6
Evaluate -10 - (-2 + (-1 - 4) + 2).
-5
Evaluate 12 - 20 - (0 + -4) - -5.
1
7 + (0 - 1) + -3
3
Calculate -3 + 8 - -4 - 18.
-9
What is 2 + 0 - -2 - -1?
5
Evaluate (-105 - -93) + (6 - 0).
-6
Calculate 0 + (-1 - 1) + -2.
-4
What is (-1 - (4 + -3 + -2)) + -2?
-2
Evaluate -9 - (-5 - 6 - -5).
-3
Calculate 3 - 2 - 1 - (-5 - -1).
4
1 - 2 - (-10 + 8) - 4
-3
2 - 2 - (-13 - -8)
5
What is the value of -5 - (3 + -2 + (-5 - -4))?
-5
Evaluate (-8 + 5 - 0) + 7.
4
-8 - (5 - (15 - -2))
4
What is the value of 14 + -15 + 3 + -4 + 2?
0
What is the value of -1 - 6 - (26 + -31)?
-2
Calculate -5 - ((4 - 13) + 3).
1
What is the value of -3 + 0 - (-7 - (7 - 7))?
4
What is the value of -10 + (1 - -5) - -6?
2
What is the value of (-1 - 4) + -1 + 2?
-4
-3 + (8 - (0 + 1))
4
Evaluate 9 + (-7 - -4) + 0.
6
What is 4 + 3 + (2 - 7)?
2
What is the value of -10 + -3 + 6 + 2 + 12?
7
What is the value of 10 - ((14 - 8) + 0) - -2?
6
Calculate (-7 - (-4 - -2)) + -8 + 8.
-5
Evaluate 15 - 9 - (-14 - -17).
3
Evaluate -7 - (-8 + 10 + (-11 - -3)).
-1
Calculate 0 - ((1 - -2) + -7).
4
11 - 14 - 3 - (-2 - 1)
-3
Calculate (2 - (-4 - -4)) + (-1 - -2).
3
Calculate -3 + 13 + 8 - 11.
7
-3 + (4 - (-4 + 4) - 2)
-1
Evaluate 4 - 0 - (6 + (-2 - 2)).
2
What is the value of 6 - (5 + -3) - 0?
4
Calculate 0 - -1 - (22 - 24).
3
What is 26 + -27 + (-3 - -1 - 3)?
-6
Calculate (-8 + 3 - 0) + (0 - -15).
10
-2 - 9 - (-11 + 3)
-3
Evaluate (19 - 15) + (-3 + -1 - 0).
0
6 + -1 + -4 - 8 - 0
-7
What is -3 - (-11 + 0 + (4 - -1))?
3
Calculate 0 + (-4 - 1) + 5 + -1.
-1
Calculate (0 - (5 - 2)) + (-1 - -6).
2
-3 - (6 - 10 - -2)
-1
What is 1 + -2 - (-1 + -2) - -3?
5
What is the value of 5 + 1 + -12 + 3?
-3
Calculate -6 + -5 + -6 + 8 + 4.
-5
Evaluate 9 - 25 - (3 - 12).
-7
What is 2 + 5 + -8 + 0?
-1
Calculate -1 - 0 - (2 - (0 + 2)).
-1
What is the value of (0 + 4 + -5 - 3) + 2?
-2
Evaluate -8 + 5 + -3 + 6.
0
What is the value of (-12 + -2 - -12) + 10?
8
What is -18 - -14 - (-1 - (1 - -3))?
1
Calculate 3 + 6 + -5 + -2.
2
What is the value of -5 + (4 + -1 - 2) - -1?
-3
What is -1 + 7 - (0 + 8 - 4)?
2
What is the value of (15 + -33 - -22) + (0 - 4)?
0
What is the value of -1 - (-3 - 1) - (1 + -1)?
3
What is -107 + 110 + (1 + -3 - 0)?
1
-2 - (2 + -4 + -4)
4
What is the value of 0 + 6 + (4 - (7 - 2))?
5
Calculate (-17 - -16) + 3 + (-2 - -1).
1
What is the value of -1 - ((-2 - (7 - 4)) + 3)?
1
What is the value of (1 + -1 - -2) + (-5 - -1)?
-2
What is -5 + 0 + 9 + 1?
5
(2 - -7) + 6 + 1 + -6
10
What is -3 + -1 - 4 - -3?
-5
What is the value of (-1 + 5 - 1) + (5 - 6)?
2
Calculate 0 - (-2 + 11 + -7).
-2
What is the value of -4 + 0 - (-10 - (-2 - -1))?
5
What is the value of -5 + 3 + 2 - (14 - 19)?
5
Calculate (16 - 12) + (2 - (2 - 0)).
4
-5 - (-11 - (1 - 5))
2
Evaluate -3 - ((5 - (-5 - -8)) + -5).
0
What is the value of -13 + (12 - 7) - 0?
-8
Calculate -2 - 3 - (5 - 6).
-4
Calculate -1 + 0 - (-17 + 12).
4
-28 - -18 - (-7 - 1)
-2
What is -2 + 4 + 0 - 6?
-4
2 - (-5 + 6 + 4)
-3
-1 + 1 + 1 + 1
2
-27 + 24 - (1 + -4)
0
Evaluate (4 - -1) + -4 - (8 - 4).
-3
What is 12 + -4 - (17 - 4)?
-5
-11 + 4 - -11 - -5
9
-2 - (3 - 1) - (2 + -2)
-4
Evaluate 6 + (-6 - (0 - 5)).
5
Evaluate (-7 + 11 - 0) + -1.
3
6 + 0 + -15 + (15 - 5)
1
Calculate -3 - (0 - (-3 - (-4 + 0))).
-2
What is 3 + (-9 - 4) + 7?
-3
0 + (-12 + -1 - -10)
-3
(-4 - 1) + 0 + (-217 - -222)
0
-15 - (-5 + (-15 - -10))
-5
What is the value of (-1 + 0 - -4) + -8?
-5
5 - ((3 - 0) + 2)
0
Evaluate 4 - 7 - -9 - 4.
2
What is the value of 1 - 2 - (64 + -65)?
0
What is the value of -3 - (18 + -22 - (-1 - 3))?
-3
What is the value of 10 + 4 + -6 + 1 + -5?
4
What is (5 - (-4 - -3)) + -7?
-1
What is (4 - -2) + (14 - 16)?
4
What is the value of -32 + 23 - (-5 + 0 + 0)?
-4
Calculate (0 - (3 + 5)) + 8.
0
What is 1 + 4 + -3 + -4?
-2
What is 4 + (10 + 3 - 27)?
-10
Evaluate -2 + (-4 - (-6 + (-1 - -2))).
-1
Calculate 1 - 5 - -8 - 6.
-2
Calculate -4 + 3 + -3 + (18 - 6).
8
Calculate -3 - (3 + -9 - 3).
6
Calculate -10 + 7 + -2 + 11.
6
What is 1 - (-2 - (8 - 5 - 1))?
5
Calculate -2 + (-8 - (-7 + 5)) - -11.
3
What is -1 - (-2 + -6 + 4)?
3
Evaluate 63 + -60 - (0 - -8).
-5
What is -58 + 56 + (-1 - -1 - -2)?
0
Calculate -3 - (0 + -4 + 1).
0
3 - ((2 - -4 - -2) + -8)
3
(-34 - -27) + -2 + 4
-5
10 + 5 + (2 - 9)
8
-7 + (-3 + 17 - 15)
-8
0 + -1 + (-2 - 1)
-4
Calculate 8 - (-18 + 26 + (-7 - 0)).
7
1 + (1 - (-4 - (-3 - -2)))
5
What is -7 - -4 - (5 - 8)?
0
What is the value of (-13 - -5 - -4) + 3?
-1
Calculate -7 - (0 - (-8 - -6)).
-9
Evaluate 4 + 3 - (-12 - -22).
-3
What is -9 - -11 - (16 + -21)?
7
Evaluate 1 + -2 - (-5 + 5) - 2.
-3
What is 3 + (5 - 8) + (-5 - -2)?
-3
Calculate (37 - 40) + 1 + 1.
-1
What is the value of 13 + -8 + -1 - 6?
-2
Evaluate -7 + -7 + 13 + 1.
0
(-3 - (4 + -4)) + 2 - -7
6
0 + 3 + -1 + -2 + 5
5
Calculate -1 + 8 - (1 - (-1 - 0)).
5
What is (-86 - -77) + (1 - (2 - 3))?
-7
What is -7 + 9 - (3 + 0)?
-1
What is 4 + (-8 - (0 + -6))?
2
Calculate 1 + -1 - ((5 - 6) + 3).
-2
What is 0 + 0 - (18 + -16)?
-2
Evaluate (5 + -1 - 4) + 3.
3
Evaluate (6 - 1) + (8 - 7 - 5).
1
Evaluate 0 - (-8 + 16 + -5).
-3
Evaluate (-6 - (-4 - 0 - -3)) + 1.
-4
What is -2 - (6 - (7 + 2 + -6))?
-5
What is -5 + (9 - 7) + 6?
3
Evaluate -8 - (1 - 12) - (-3 + 0).
6
What is the value of (13 - 9) + (1 - (-2 + 1))?
6
What is the value of (-10 - -14) + -12 + 10?
2
(2 - (-4 - -2)) + -8
-4
What is the value of -1 + -8 - (-2 + -3)?
-4
Evaluate 10 + -5 - (0 - -7) - -1.
-1
Evaluate -6 - (-6 + 4 + -12) - 4.
4
7 + (-8 - -11) + -3 - 3
4
Calculate 4 + (7 - 7) - 2.
2
What is -3 - (-1 + -2 - (-14 - -14))?
0
What is the value of 0 + 2 - (3 - (-2 - -1))?
-2
What is 0 - -3 - (36 + -32)?
-1
What is -15 + (-13 - -2) + 24?
-2
Calculate (0 - (-4 - -8)) + 6.
2
Calculate 4 - (3 - 1) - -3.
5
Evaluate 2 - (-4 + 13) - (-6 + 4).
-5
What is 8 - (0 + -3 + 16)?
-5
Evaluate -1 - (6 + -7) - -2.
2
What is the value of 90 + -98 - (0 + 0)?
-8
(-12 - -10 - 10) + 5
-7
What is the value of -3 + (-2 + 2 - (-5 + 5))?
-3
What is -8 + 3 - (0 + -3)?
-2
What is 12 - (13 - 7) - (2 + 0)?
4
What is -7 + 3 + 0 - -7?
3
What is (3 - 6) + 4 + -6?
-5
Evaluate 11 + (-6 - 3) - 11.
-9
Calculate 1 + 7 + -3 + -2 - 0.
3
Evaluate -1 + -2 + 3 - (0 + 0).
0
What is the value of -2 - 3 - (21 - 23)?
-3
Evaluate -2 + 2 - (-44 + 44).
0
What is (-1 - 3) + 0 - (3 + -13)?
6
Calculate (13 - (7 - -11)) + 0 + 8.
3
What is the value of (-2 - (1 - 5)) + -2?
0
What is the value of (2 - (0 + 6 + -4)) + -3?
-3
(-17 - (14 - 37)) + 1 + -1
6
Evaluate 4 - (15 + -7) - (-3 - 1).
0
13 + 3 + -6 + -6
4
What is the value of 6 + 0 + 20 + -21?
5
Evaluate 5 + 2 + -6 + (-8 - -3).
-4
Evaluate (8 - (-6 - -19)) + 3.
-2
Calculate 3 + (1 - 2) + -4.
-2
2 + -11 + (-48 - -64)
7
Evaluate 9 - (8 - (1 + 2) - -1).
3
6 + -9 - (1 + -9)
5
What is -4 + (-4 - -4 - -1)?
-3
-5 + -2 + 4 + 3
0
Calculate -11 + 6 + (0 + 1 - 0).
-4
Evaluate -6 - (4 + (7 - 18)).
1
Evaluate (-1 - -4 - (0 + 9)) + 1.
-5
Evaluate -22 - -22 - (-3 - 1).
4
What is the value of -4 + 4 + 5 + -5?
0
Evaluate (2 - -1) + 0 + (5 - 3).
5
What is (10 - 20) + 4 - 0?
-6
What is 6 - 